{"id":284,"date":"2020-11-25T13:42:17","date_gmt":"2020-11-25T13:42:17","guid":{"rendered":"http:\/\/poste20.web-ecole.fr\/?page_id=284"},"modified":"2021-01-11T16:16:09","modified_gmt":"2021-01-11T15:16:09","slug":"gueoul-diaspora","status":"publish","type":"page","link":"https:\/\/gueouldiaspora.org\/?page_id=284","title":{"rendered":"Gestion associative"},"content":{"rendered":"\n<p class=\"has-large-font-size\"><strong><strong>PRESENTATION DE LA <a href=\"https:\/\/www.helloasso.com\/associations\/federation-gueoul-diaspora\/formulaires\/1\" target=\"_blank\" rel=\"noreferrer noopener\">FEDERATION GUEOUL DIASPORA<\/a> (FGD).<\/strong><\/strong><\/p>\n\n\n\n<h4 class=\"has-white-color has-vivid-cyan-blue-background-color has-text-color has-background wp-block-heading\"><strong>&nbsp;I. HISTORIQUE de la F\u00e9d\u00e9ration GUEOUL DIASPORA<\/strong><\/h4>\n\n\n\n<h5 class=\"has-white-color has-pale-cyan-blue-background-color has-text-color has-background wp-block-heading\">1. GENESE&nbsp;<\/h5>\n\n\n\n<p><strong><em>\u00ab Avec un doigt, on ne peut pas prendre une pierre mais, avec une main on peut d\u00e9placer la terre. \u00bb <\/em><\/strong>Fort conscientes de cet appel \u00e0 l\u2019union de ce proverbe africain, les associations gu\u00e9ouloises de la diaspora ont senti le besoin de s\u2019unir dans une m\u00eame structure avec les m\u00eames ambitions pour diff\u00e9rentes causes et les m\u00eames id\u00e9es pour diverses raisons. S\u2019associer pour atteindre les m\u00eames objectifs se pr\u00e9sente comme action cruciale pour, a priori rassembler les gu\u00e9oulois (es) de l\u2019ext\u00e9rieur autour des m\u00eames aspirations et, d\u00e9velopper des actions citoyennes pour notre terre nourrici\u00e8re Gu\u00e9oul. Pour ce fait, la cr\u00e9ation d\u2019une association f\u00e9d\u00e9ratrice se pr\u00e9sente comme la seule alternative et en m\u00eame temps la meilleure opportunit\u00e9 pour une synergie puissante et productive dans l\u2019int\u00e9r\u00eat du gu\u00e9oulois.se de l\u2019ext\u00e9rieur comme celui ou celle au bercail. C\u2019est dans ce sillage que des d\u00e9marches ont \u00e9t\u00e9 entreprises pour fonder la F\u00e9d\u00e9ration Gu\u00e9oul Diaspora (FGD) qui est une alliance solide de toutes les associations gu\u00e9ouloises de la diaspora. En somme \u00ab&nbsp;s\u2019unir pour mieux servir&nbsp;Gu\u00e9oul \u00bb.&nbsp;<\/p>\n\n\n\n<h5 class=\"has-white-color has-pale-cyan-blue-background-color has-text-color has-background wp-block-heading\">&nbsp;2. MISE EN PLACE<\/h5>\n\n\n\n<p>Pour mettre en place cette organisation, les initiateurs ont proc\u00e9d\u00e9 au recensement de toutes les associations et organisations des Gu\u00e9oulois vivant \u00e0 l\u2019ext\u00e9rieur. Apr\u00e8s plusieurs discussions,&nbsp; toutes les associations gu\u00e9ouloises en dehors du S\u00e9n\u00e9gal, sont convenues de mettre en place une entit\u00e9 centrale qui coiffe l\u2019ensemble des coordinations. C\u2019est ainsi que le 21 juin 2020 \u00e0 travers un groupe WhatsApp, se sont r\u00e9unis les membres du comit\u00e9 de r\u00e9flexion pour la mise en place du comit\u00e9 directeur et du bureau ex\u00e9cutif sous la pr\u00e9sidence de Monsieur Alioune Dieng assist\u00e9 par Monsieur Mansour Gaye en qualit\u00e9 de secr\u00e9taire de s\u00e9ance. \u00c0 l\u2019issue des discussions, a \u00e9t\u00e9 retenu \u00e0 l\u2019unanimit\u00e9 le bureau ex\u00e9cutif suivant :&nbsp;<\/p>\n\n\n\n<p>\u2219 Pr\u00e9sident : OUSMANE KANE (France)<\/p>\n\n\n\n<ul class=\"wp-block-list\"><li>1er Vice-pr\u00e9sident : ALIOUNE DIENG (Italie)&nbsp;<\/li><li>&nbsp;2eme Vice-pr\u00e9sident : DOUDOU DIOP (France)&nbsp;&nbsp;<\/li><\/ul>\n\n\n\n<p>\u2219 Secr\u00e9taire G\u00e9n\u00e9ral : MANSOUR GAYE (Italie)<\/p>\n\n\n\n<ul class=\"wp-block-list\"><li>Adjoint secr\u00e9taire : PAPA DIALLO SOW (France)<\/li><li>&nbsp;Adjoint secr\u00e9taire : IBRAHIMA AKHYARHOUM (France)&nbsp;&nbsp;<\/li><\/ul>\n\n\n\n<p>\u2219 Communication et relations avec les sections : PAPA NDIAMBE MBODJI (France)&nbsp;<\/p>\n\n\n\n<ul class=\"wp-block-list\"><li>&nbsp;Adjoint \u00e0 la Com. : MODOU BOUSSO DIENG (Italie)&nbsp;<\/li><li>NTIC. : DAME DIOUF (Maroc) et ELHADJI D. GAYE (USA)<\/li><\/ul>\n\n\n\n<p>\u2219&nbsp; Pr\u00e9sident Commission Finances : BARA GUEYE (France)<\/p>\n\n\n\n<ul class=\"wp-block-list\"><li>&nbsp;Adjoint : TALLA SYLLA GAYE (Usa)&nbsp;&nbsp;<\/li><\/ul>\n\n\n\n<p>.  Tr\u00e9sorier : IBRAHIMA SECK (France)<\/p>\n\n\n\n<p>\u2219&nbsp; Commissaire aux comptes : CHEIKH MBACKE DIENG (France)<\/p>\n\n\n\n<ul class=\"wp-block-list\"><li>Adjointe : FATOU BINTOU FALL (France)<\/li><\/ul>\n\n\n\n<h4 class=\"has-white-color has-vivid-cyan-blue-background-color has-text-color has-background wp-block-heading\"><strong>II. LES MEMBRES DE LA FGD<\/strong><\/h4>\n\n\n\n<h5 class=\"has-white-color has-pale-cyan-blue-background-color has-text-color has-background wp-block-heading\">&nbsp;1. DES GUEOULOIS DE L\u2019EXTERIEUR<\/h5>\n\n\n\n<p>Les membres de la <a href=\"https:\/\/gueouldiaspora.org\/\">F\u00e9d\u00e9ration <\/a>sont les gu\u00e9oulois (es) r\u00e9sidant \u00e0 l\u2019ext\u00e9rieur du S\u00e9n\u00e9gal affili\u00e9s \u00e0 une association de la diaspora dans n\u2019importe quel pays \u00e0 travers le monde. Ce qui veut dire que toute personne vivant \u00e0 l\u2019ext\u00e9rieur doit imp\u00e9rativement \u00eatre membre d\u2019une association annexe pour pr\u00e9valoir appartenir \u00e0 la F\u00e9d\u00e9ration. Pour ceux qui se trouvent dans un pays o\u00f9 il n\u2019y a pas d\u2019associations gu\u00e9ouloises, ils peuvent s\u2019unir pour former leur association (si possible) ou adh\u00e9rer dans une association d\u2019un autre pays de leur choix (comme l\u2019ont d\u00e9j\u00e0 fait certains membres).\u00a0<\/p>\n\n\n\n<h5 class=\"has-white-color has-pale-cyan-blue-background-color has-text-color has-background wp-block-heading\">2. DES PERSONNES RESSOURCES&nbsp;<\/h5>\n\n\n\n<p>Pour chaque commission du bureau, les membres choisissent des personnes qui peuvent apporter un appui d\u2019expertise ou de comp\u00e9tence. Au-del\u00e0 de leur capacit\u00e9 \u00e0 pouvoir apporter une valeur positive, elles sont choisies de pr\u00e9f\u00e9rence par leur appartenance \u00e0 Gu\u00e9oul ou bien si elles y r\u00e9sident ou encore ont une certaine connaissance des r\u00e9alit\u00e9s socio-culturelles locales. Cependant, ces pr\u00e9f\u00e9rences n\u2019excluent pas le choix d\u2019autres personnes ressources pour plus d\u2019efficacit\u00e9 dans l\u2019organisation et la marche de la F\u00e9d\u00e9ration. L\u2019essentiel est que toute personne ressource cibl\u00e9e soit en mesure, \u00e0 travers ses actions, de contribuer volontairement aux d\u00e9marches strat\u00e9giques et\/ou aux activit\u00e9s de ladite F\u00e9d\u00e9ration.<\/p>\n\n\n\n<h4 class=\"has-white-color has-vivid-cyan-blue-background-color has-text-color has-background wp-block-heading\"><strong>III. LES OBJECTIFS DE LA FEDERATION<\/strong><\/h4>\n\n\n\n<h5 class=\"has-white-color has-pale-cyan-blue-background-color has-text-color has-background wp-block-heading\">1. <span style=\"background-color:#8ed1fc\" class=\"tadv-background-color\">DANS LA DIASPORA&nbsp;<\/span><\/h5>\n\n\n\n<p>Dans le processus de mise en coh\u00e9rence de nos ambitions pour nos membres qui se trouvent partout dans le monde, la F\u00e9d\u00e9ration se fixe pour objectif de:<\/p>\n\n\n\n<ul class=\"wp-block-list\"><li>f\u00e9d\u00e9rer en parfaite homog\u00e9n\u00e9it\u00e9 toutes les associations ou regroupements des ressortissants gu\u00e9oulois;<\/li><\/ul>\n\n\n\n<ul class=\"wp-block-list\"><li>permettre aux Gu\u00e9oulois de la diaspora de mieux se conna\u00eetre et de cr\u00e9er ou:<ul><li>de consolider leurs liens fraternels (sororaux),&nbsp;<\/li><li>d\u2019\u00eatre solidaires;<\/li><li>d\u2019assurer le bien-\u00eatre des Gu\u00e9oulois de la diaspora;<\/li><li>de promouvoir le dialogue culturel avec les pays d\u2019accueil;<\/li><li>de d\u00e9finir un cadre d\u2019\u00e9changes concordants pour une mobilisation d\u2019ensemble;<\/li><\/ul><\/li><li>Mettre en place un cadre de concertation pour tous les Gu\u00e9oulois de la diaspora afin:<ul><li>d&rsquo;assurer l&rsquo;entraide communautaire dans leur pays d&rsquo;accueil;<\/li><\/ul><\/li><\/ul>\n\n\n\n<p>-de venir en aide, \u00e0 la limite du possible, les membres de la F\u00e9d\u00e9ration en difficult\u00e9s av\u00e9r\u00e9es (maladies graves, accident, d\u00e9tention, etc.)<\/p>\n\n\n\n<h5 class=\"has-white-color has-pale-cyan-blue-background-color has-text-color has-background wp-block-heading\">2. DANS LA COMMUNE DE GUEOUL&nbsp;<\/h5>\n\n\n\n<p>Consciente des responsabilit\u00e9s citoyennes et patriotiques, la F\u00e9d\u00e9ration entend \u00e9galement :&nbsp; mener \u00e0 bien des actions financi\u00e8res participatives et la promotion de l\u2019entraide pour&nbsp;:<\/p>\n\n\n\n<p>\u2219 contribuer au d\u00e9veloppement \u00e9conomique, social et culturel de Gu\u00e9oul&nbsp; aider \u00e0 faire la promotion des r\u00e9alisations, d\u00e9couvertes, cr\u00e9ations\u2026;<\/p>\n\n\n\n<p>\u2219&nbsp; enseigner notre histoire et nos traditions ;<\/p>\n\n\n\n<p>\u2219&nbsp; renforcer la s\u00e9curit\u00e9 sociale de chaque Gu\u00e9oulois (e) ;<\/p>\n\n\n\n<p>\u2219&nbsp; promouvoir les projets d&rsquo;investissement commun ;<\/p>\n\n\n\n<p>\u2219&nbsp; concevoir et r\u00e9aliser des projets de d\u00e9veloppement ;<\/p>\n\n\n\n<p>\u2219&nbsp; aider \u00e0 conserver notre patrimoine culturel ;<\/p>\n\n\n\n<p>\u2219&nbsp; organiser et \/ou soutenir des campagnes m\u00e9dicales ;<\/p>\n\n\n\n<p>\u2219&nbsp; soutenir les secteurs sanitaire et \u00e9ducatif ;<\/p>\n\n\n\n<p>\u2219&nbsp; Participer au d\u00e9veloppement urbain et \u00e0 l&rsquo;am\u00e9lioration du cadre de vie.<\/p>\n\n\n\n<h4 class=\"has-white-color has-vivid-cyan-blue-background-color has-text-color has-background wp-block-heading\"><strong>IV. LES PARTENAIRES DE LA FGD<\/strong><\/h4>\n\n\n\n<h5 class=\"has-white-color has-pale-cyan-blue-background-color has-text-color has-background wp-block-heading\">1. LA MAIRIE DE GUEOUL<\/h5>\n\n\n\n<p>La majeure partie de nos actions est destin\u00e9e \u00e0 la population gu\u00e9ouloise, de facto, la mairie de Gu\u00e9oul est notre partenaire privil\u00e9gi\u00e9. En plus pratiquement toutes nos activit\u00e9s vont se d\u00e9rouler \u00e0 Gu\u00e9oul.<\/p>\n\n\n\n<h5 class=\"has-white-color has-pale-cyan-blue-background-color has-text-color has-background wp-block-heading\">2. LES MEMBRES BIENFAITEURS&nbsp;<\/h5>\n\n\n\n<p>Toutes personnes tierces de bonne volont\u00e9, bailleurs de fonds, ou b\u00e9n\u00e9voles qui r\u00e9pondent aux crit\u00e8res du r\u00e8glement int\u00e9rieur de la F\u00e9d\u00e9ration sont les bienvenus.<\/p>\n\n\n\n<h5 class=\"has-white-color has-pale-cyan-blue-background-color has-text-color has-background wp-block-heading\">3. LES ORGANISMES, FONDATIONS ET ENTREPRISES&nbsp;<\/h5>\n\n\n\n<p>Nous ouvrons nos portes \u00e0 toutes les institutions pour toute possibilit\u00e9 partenariale qui r\u00e9pond \u00e0 nos objectifs et en phase avec les normes et r\u00e8glements de la FGD.<\/p>\n\n\n\n<h4 class=\"has-white-color has-vivid-cyan-blue-background-color has-text-color has-background wp-block-heading\"><strong>V. COMMENT NOUS CONTACTER ?&nbsp;<\/strong><\/h4>\n\n\n\n<h5 class=\"has-white-color has-pale-cyan-blue-background-color has-text-color has-background wp-block-heading\">1. POUR PLUS D\u2019INFORMATIONS, VOUS POUVEZ NOUS JOINDRE :<\/h5>\n\n\n\n<figure class=\"wp-block-table is-style-stripes\"><table><tbody><tr><td>SECTION<\/td><td>TELEPHONE<\/td><\/tr><tr><td>FRANCE 1<\/td><td>+33751385528<\/td><\/tr><tr><td>FRANCE 2<\/td><td>+33610464525<\/td><\/tr><tr><td>TOSCANE- ITALIE<\/td><td>+393272310082<\/td><\/tr><tr><td>LIGURIA &#8211; ITALIE<\/td><td>+393896822384<\/td><\/tr><tr><td>PESCARA-ITALIE<\/td><td>+393386620380<\/td><\/tr><tr><td>LOMBARDIA-ITALIE<\/td><td>+393923182055<\/td><\/tr><tr><td>AFRIQUE<\/td><td>+22559953731<\/td><\/tr><tr><td>ESPAGNE<\/td><td>+34642853401<\/td><\/tr><tr><td>TURQUIE<\/td><td>+905422829614<\/td><\/tr><tr><td>GR\u0400CE<\/td><td>+306995199179<\/td><\/tr><tr><td>ARGENTINE\/BR\u0400SIL<\/td><td>+5491131958736<\/td><\/tr><tr><td>USA- CANADA<\/td><td>+14109030765<\/td><\/tr><\/tbody><\/table><\/figure>\n\n\n\n<h5 class=\"has-white-color has-pale-cyan-blue-background-color has-text-color has-background wp-block-heading\">2. POUR PLUS D\u2019INFORMATIONS, VOUS POUVEZ NOUS JOINDRE :<\/h5>\n\n\n\n<p>&nbsp;T\u00e9l\u00e9phones : <strong>+33668162140 \/\/ +393292123121 \/\/ +393200830365<\/strong><\/p>\n\n\n\n<p>&nbsp;Mail : <strong>gueouldiaspora@gmail.com<\/strong>&nbsp;<\/p>\n\n\n\n<p>Visitez notre page Facebook <strong>: <a href=\"https:\/\/www.facebook.com\/gueoul.diaspora.3\" target=\"_blank\" rel=\"noreferrer noopener\">https:\/\/www.facebook.com\/gueoul.diaspora.3<\/a><\/strong><\/p>\n","protected":false},"excerpt":{"rendered":"<p>PRESENTATION DE LA FEDERATION GUEOUL DIASPORA (FGD). &nbsp;I. HISTORIQUE de la F\u00e9d\u00e9ration GUEOUL DIASPORA 1. GENESE&nbsp; \u00ab Avec un doigt, on ne peut pas prendre une pierre mais, avec une [&hellip;]<\/p>\n","protected":false},"author":2,"featured_media":326,"parent":0,"menu_order":0,"comment_status":"closed","ping_status":"closed","template":"","meta":{"footnotes":""},"class_list":["post-284","page","type-page","status-publish","has-post-thumbnail","hentry"],"yoast_head":"<!-- This site is optimized with the Yoast SEO plugin v24.9 - https:\/\/yoast.com\/wordpress\/plugins\/seo\/ -->\n<title>PRESENTATION DE LA FEDERATION GUEOUL DIASPORA (FGD).<\/title>\n<meta name=\"description\" content=\"Rassembler les gu\u00e9oulois(es) de l\u2019ext\u00e9rieur autour des m\u00eames aspirations et d\u00e9velopper des actions citoyennes pour notre terre nourrici\u00e8re.\" \/>\n<meta name=\"robots\" content=\"index, follow, max-snippet:-1, max-image-preview:large, max-video-preview:-1\" \/>\n<link rel=\"canonical\" href=\"https:\/\/gueouldiaspora.org\/?page_id=284\" \/>\n<meta property=\"og:locale\" content=\"fr_FR\" \/>\n<meta property=\"og:type\" content=\"article\" \/>\n<meta property=\"og:title\" content=\"PRESENTATION DE LA FEDERATION GUEOUL DIASPORA (FGD).\" \/>\n<meta property=\"og:description\" content=\"Rassembler les gu\u00e9oulois(es) de l\u2019ext\u00e9rieur autour des m\u00eames aspirations et d\u00e9velopper des actions citoyennes pour notre terre nourrici\u00e8re.\" \/>\n<meta property=\"og:url\" content=\"https:\/\/gueouldiaspora.org\/?page_id=284\" \/>\n<meta property=\"og:site_name\" content=\"F\u00e9d\u00e9ration Gu\u00e9oul Diaspora\" \/>\n<meta property=\"article:modified_time\" content=\"2021-01-11T15:16:09+00:00\" \/>\n<meta property=\"og:image\" content=\"https:\/\/gueouldiaspora.org\/wp-content\/uploads\/2020\/12\/gueoul_logo-1.jpg\" \/>\n\t<meta property=\"og:image:width\" content=\"1080\" \/>\n\t<meta property=\"og:image:height\" content=\"1013\" \/>\n\t<meta property=\"og:image:type\" content=\"image\/jpeg\" \/>\n<meta name=\"twitter:label1\" content=\"Dur\u00e9e de lecture estim\u00e9e\" \/>\n\t<meta name=\"twitter:data1\" content=\"6 minutes\" \/>\n<script type=\"application\/ld+json\" class=\"yoast-schema-graph\">{\"@context\":\"https:\/\/schema.org\",\"@graph\":[{\"@type\":\"WebPage\",\"@id\":\"https:\/\/gueouldiaspora.org\/?page_id=284\",\"url\":\"https:\/\/gueouldiaspora.org\/?page_id=284\",\"name\":\"PRESENTATION DE LA FEDERATION GUEOUL DIASPORA (FGD).\",\"isPartOf\":{\"@id\":\"https:\/\/gueouldiaspora.org\/#website\"},\"primaryImageOfPage\":{\"@id\":\"https:\/\/gueouldiaspora.org\/?page_id=284#primaryimage\"},\"image\":{\"@id\":\"https:\/\/gueouldiaspora.org\/?page_id=284#primaryimage\"},\"thumbnailUrl\":\"https:\/\/gueouldiaspora.org\/wp-content\/uploads\/2020\/12\/gueoul_logo-1.jpg\",\"datePublished\":\"2020-11-25T13:42:17+00:00\",\"dateModified\":\"2021-01-11T15:16:09+00:00\",\"description\":\"Rassembler les gu\u00e9oulois(es) de l\u2019ext\u00e9rieur autour des m\u00eames aspirations et d\u00e9velopper des actions citoyennes pour notre terre nourrici\u00e8re.\",\"inLanguage\":\"fr-FR\",\"potentialAction\":[{\"@type\":\"ReadAction\",\"target\":[\"https:\/\/gueouldiaspora.org\/?page_id=284\"]}]},{\"@type\":\"ImageObject\",\"inLanguage\":\"fr-FR\",\"@id\":\"https:\/\/gueouldiaspora.org\/?page_id=284#primaryimage\",\"url\":\"https:\/\/gueouldiaspora.org\/wp-content\/uploads\/2020\/12\/gueoul_logo-1.jpg\",\"contentUrl\":\"https:\/\/gueouldiaspora.org\/wp-content\/uploads\/2020\/12\/gueoul_logo-1.jpg\",\"width\":1080,\"height\":1013},{\"@type\":\"WebSite\",\"@id\":\"https:\/\/gueouldiaspora.org\/#website\",\"url\":\"https:\/\/gueouldiaspora.org\/\",\"name\":\"F\u00e9d\u00e9ration Gu\u00e9oul Diaspora\",\"description\":\"S&#039;unir pour mieux Servir\",\"potentialAction\":[{\"@type\":\"SearchAction\",\"target\":{\"@type\":\"EntryPoint\",\"urlTemplate\":\"https:\/\/gueouldiaspora.org\/?s={search_term_string}\"},\"query-input\":{\"@type\":\"PropertyValueSpecification\",\"valueRequired\":true,\"valueName\":\"search_term_string\"}}],\"inLanguage\":\"fr-FR\"}]}<\/script>\n<!-- \/ Yoast SEO plugin. -->","yoast_head_json":{"title":"PRESENTATION DE LA FEDERATION GUEOUL DIASPORA (FGD).","description":"Rassembler les gu\u00e9oulois(es) de l\u2019ext\u00e9rieur autour des m\u00eames aspirations et d\u00e9velopper des actions citoyennes pour notre terre nourrici\u00e8re.","robots":{"index":"index","follow":"follow","max-snippet":"max-snippet:-1","max-image-preview":"max-image-preview:large","max-video-preview":"max-video-preview:-1"},"canonical":"https:\/\/gueouldiaspora.org\/?page_id=284","og_locale":"fr_FR","og_type":"article","og_title":"PRESENTATION DE LA FEDERATION GUEOUL DIASPORA (FGD).","og_description":"Rassembler les gu\u00e9oulois(es) de l\u2019ext\u00e9rieur autour des m\u00eames aspirations et d\u00e9velopper des actions citoyennes pour notre terre nourrici\u00e8re.","og_url":"https:\/\/gueouldiaspora.org\/?page_id=284","og_site_name":"F\u00e9d\u00e9ration Gu\u00e9oul Diaspora","article_modified_time":"2021-01-11T15:16:09+00:00","og_image":[{"width":1080,"height":1013,"url":"https:\/\/gueouldiaspora.org\/wp-content\/uploads\/2020\/12\/gueoul_logo-1.jpg","type":"image\/jpeg"}],"twitter_misc":{"Dur\u00e9e de lecture estim\u00e9e":"6 minutes"},"schema":{"@context":"https:\/\/schema.org","@graph":[{"@type":"WebPage","@id":"https:\/\/gueouldiaspora.org\/?page_id=284","url":"https:\/\/gueouldiaspora.org\/?page_id=284","name":"PRESENTATION DE LA FEDERATION GUEOUL DIASPORA (FGD).","isPartOf":{"@id":"https:\/\/gueouldiaspora.org\/#website"},"primaryImageOfPage":{"@id":"https:\/\/gueouldiaspora.org\/?page_id=284#primaryimage"},"image":{"@id":"https:\/\/gueouldiaspora.org\/?page_id=284#primaryimage"},"thumbnailUrl":"https:\/\/gueouldiaspora.org\/wp-content\/uploads\/2020\/12\/gueoul_logo-1.jpg","datePublished":"2020-11-25T13:42:17+00:00","dateModified":"2021-01-11T15:16:09+00:00","description":"Rassembler les gu\u00e9oulois(es) de l\u2019ext\u00e9rieur autour des m\u00eames aspirations et d\u00e9velopper des actions citoyennes pour notre terre nourrici\u00e8re.","inLanguage":"fr-FR","potentialAction":[{"@type":"ReadAction","target":["https:\/\/gueouldiaspora.org\/?page_id=284"]}]},{"@type":"ImageObject","inLanguage":"fr-FR","@id":"https:\/\/gueouldiaspora.org\/?page_id=284#primaryimage","url":"https:\/\/gueouldiaspora.org\/wp-content\/uploads\/2020\/12\/gueoul_logo-1.jpg","contentUrl":"https:\/\/gueouldiaspora.org\/wp-content\/uploads\/2020\/12\/gueoul_logo-1.jpg","width":1080,"height":1013},{"@type":"WebSite","@id":"https:\/\/gueouldiaspora.org\/#website","url":"https:\/\/gueouldiaspora.org\/","name":"F\u00e9d\u00e9ration Gu\u00e9oul Diaspora","description":"S&#039;unir pour mieux Servir","potentialAction":[{"@type":"SearchAction","target":{"@type":"EntryPoint","urlTemplate":"https:\/\/gueouldiaspora.org\/?s={search_term_string}"},"query-input":{"@type":"PropertyValueSpecification","valueRequired":true,"valueName":"search_term_string"}}],"inLanguage":"fr-FR"}]}},"_links":{"self":[{"href":"https:\/\/gueouldiaspora.org\/index.php?rest_route=\/wp\/v2\/pages\/284","targetHints":{"allow":["GET"]}}],"collection":[{"href":"https:\/\/gueouldiaspora.org\/index.php?rest_route=\/wp\/v2\/pages"}],"about":[{"href":"https:\/\/gueouldiaspora.org\/index.php?rest_route=\/wp\/v2\/types\/page"}],"author":[{"embeddable":true,"href":"https:\/\/gueouldiaspora.org\/index.php?rest_route=\/wp\/v2\/users\/2"}],"replies":[{"embeddable":true,"href":"https:\/\/gueouldiaspora.org\/index.php?rest_route=%2Fwp%2Fv2%2Fcomments&post=284"}],"version-history":[{"count":2,"href":"https:\/\/gueouldiaspora.org\/index.php?rest_route=\/wp\/v2\/pages\/284\/revisions"}],"predecessor-version":[{"id":469,"href":"https:\/\/gueouldiaspora.org\/index.php?rest_route=\/wp\/v2\/pages\/284\/revisions\/469"}],"wp:featuredmedia":[{"embeddable":true,"href":"https:\/\/gueouldiaspora.org\/index.php?rest_route=\/wp\/v2\/media\/326"}],"wp:attachment":[{"href":"https:\/\/gueouldiaspora.org\/index.php?rest_route=%2Fwp%2Fv2%2Fmedia&parent=284"}],"curies":[{"name":"wp","href":"https:\/\/api.w.org\/{rel}","templated":true}]}}